at is the units digit of o?
6
Suppose 3*f - 8 = 7. Suppose -j - 4*j - f*x = -65, -15 = -5*j + 5*x. Suppose -h = -s + j, 5*s - 38 = h + 6. What is the units digit of s?
9
Suppose -5*m = -2*r - 11, -m - 4*m + 4*r = -7. Let x(y) = -y**2 + 3*y - 3. Let t be x(m). What is the units digit of t/(3/(-12)*2)?
6
Let r(s) = -s**2 - 23*s - 26. What is the units digit of r(-12)?
6
Let j(v) = -4*v**2 + 2*v**2 - 6*v**2 - 5 + v**3 + 0*v**3 + 9*v. What is the units digit of j(7)?
9
Suppose -5*z - 478 = -7*z. What is the units digit of z?
9
Let i = 136 - 79. What is the tens digit of i?
5
Let n = 19 + 13. What is the tens digit of n?
3
Let r be 3 + (0 - 3/1). Suppose -3 = -n - r. What is the units digit of n?
3
Suppose 3*f = 126 + 138. What is the units digit of f?
8
Suppose -5*u + 3 - 6 = a, 3 = -3*u. Let s(j) = j - 5. Let i be s(9). Suppose d + r - a - 7 = 0, -i*r = -8. What is the units digit of d?
7
Let i(y) = y**3 + 9*y**2 - 6*y - 19. What is the units digit of i(-8)?
3
Suppose -2*m + 4*m + 4*k - 50 = 0, 5*k = 15. What is the units digit of m?
9
Let f = 165 + -104. What is the units digit of f?
1
Suppose 0 = -5*n + 17 - 2. Suppose -n*q + 70 = -101. What is the units digit of q?
7
Suppose -11*z + 50 = -6*z. What is the units digit of z?
0
Suppose -5*l = -3*l + 16. Let n = 9 + l. What is the units digit of n?
1
Suppose -20 = 5*z + 10. Let l = 10 + z. What is the units digit of -9*l/(-6) + -1?
5
Let q = -21 + 23. Let d(k) = 4*k**3 + 2*k**2 + 4*k - 5. What is the units digit of d(q)?
3
Suppose 0*x = -x + 3*l + 13, -9 = -x + l. Let j = -4 + x. Suppose i - 24 = -j*i + 4*p, -10 = 2*p. What is the units digit of i?
1
Let a be (-1 + (-2)/(-4))*-152. Suppose -8 = -2*b, 4*o + b - a = -4*b. What is the units digit of o?
4
Let l(i) = -i**2 - 4*i - 2. Suppose -3*r = -3*m - 1 - 8, -2*r - 2*m = 14. Let x be l(r). Suppose -46 = -3*s + x. What is the tens digit of s?
1
Suppose t - 6*t + 1420 = 0. What is the hundreds digit of t?
2
Let v(a) = 2*a**3 - 7*a**2 + 4*a. What is the units digit of v(4)?
2
Let l be (3/(-2))/((-2)/4). Suppose 5*z = -2*m + 2, -z = -l*z - 8. What is the units digit of m?
1
Let l be (-3 + 1)*(-150)/4. Suppose -l = -5*n - 0*n. What is the units digit of n?
5
Suppose -y - 4*p + 340 = 0, 4*p = -2*y + 189 + 471. What is the tens digit of y?
2
Let c be (-8)/28 - 80/14. Let d(u) = -2*u - 2*u + 12 + 2*u + 3*u. What is the units digit of d(c)?
6
Suppose -z = n - 80 - 3, 3*n - 413 = -5*z. Suppose -z - 23 = -5*k. What is the tens digit of k?
2
Let j(u) be the first derivative of -u**2 + 1. Let p be j(-2). Let g(d) = d**3 - 3*d**2 - 4*d + 1. What is the units digit of g(p)?
1
Let a(h) = 3*h - 6. Let y = 16 + -11. Let o = y + 0. What is the units digit of a(o)?
9
Let m(u) = -3*u**2 - 17*u. Let j(t) = t**2 + 4*t. Let n(k) = 9*j(k) + 2*m(k). What is the units digit of n(2)?
6
What is the hundreds digit of 4/(-30) + 2793*8/180?
1
Let l be 1 - (1 - (-2 - -5)). Let m(j) = -6 + 2 - j + l. What is the units digit of m(-4)?
3
Let p(u) = 2 + 3*u + 2*u - 8*u - 7*u. Let k be p(-3). Suppose -4*c + 4 = -k. What is the units digit of c?
9
Let j be (-118 - 2)/(-3) - 0. Let n = -57 + j. Let y = 28 + n. What is the units digit of y?
1
Let q = -73 - -45. What is the units digit of (-244)/q + (-4)/(-14)?
9
Suppose g - 143 = -b, 4*b + 85 = g - 33. What is the units digit of g?
8
Let d = 3 + -4. What is the units digit of 2 + 3 - 1*d?
6
Let x = -47 + 116. What is the units digit of x?
9
Let w = 32 - 9. What is the tens digit of w?
2
Suppose 5*a = -4*j - 6, -2 = -5*a - 12. Let p(y) = 10*y**2 + y. What is the tens digit of p(j)?
1
Let u(w) = 3*w**2 + 4*w + 3. Suppose 0*d = 4*d + 8. What is the units digit of u(d)?
7
Let y(w) = -w + 12. Let r be y(10). What is the units digit of (-1)/3*r*-3?
2
Let w(s) = 18*s - 2. What is the units digit of w(3)?
2
Let m(u) = 3*u + 1. Let n be m(8). Let z = -2 + n. What is the units digit of z?
3
Let y(h) be the second derivative of h**5/15 + h**3/6 - h**2/2 + h. Let k(q) be the first derivative of y(q). What is the units digit of k(1)?
5
Let u be 2*5*1/2. Suppose u - 3 = 2*t. What is the units digit of t?
1
Let q = 6 - -30. What is the units digit of q?
6
Let x(j) = -4*j + 10. Let f(p) = 3*p - 10. Let u(g) = -3*f(g) - 2*x(g). Suppose 0*m - 8 = -m. What is the units digit of u(m)?
2
Let a(p) = -p**3 - 5*p**2 - 2*p - 7. Let v(w) = w**3 + 6*w**2 + 3*w + 8. Let z(m) = -6*a(m) - 5*v(m). What is the units digit of z(2)?
4
Let o = 22 + 58. Suppose -3*t - t = -o. What is the units digit of t?
0
Suppose 26 = 3*c - 43. What is the tens digit of c?
2
Let y = 12 - 33. Let n be (-981)/y - 4/(-14). Suppose -5*c + 4*k + n = 0, -13 - 2 = -3*c - 2*k. What is the units digit of c?
7
Suppose -2*w + 5*w - 12 = 0. Suppose -w*n = -3*n - 36. What is the units digit of n?
6
Let l = -5 - -7. Let r(c) = 2 + 2 - c**l - 2 - 3*c. What is the units digit of r(-2)?
4
Suppose -5*c = 2*b + 2*b - 203, 0 = 2*b + 6. What is the units digit of c?
3
Suppose -2*w + 7*w = 135. What is the tens digit of w?
2
What is the tens digit of 22/(-11)*(34/(-4) + -1)?
1
Let c = -12 + 17. Suppose 0*y = 3*y + d - 37, -25 = c*d. What is the tens digit of y?
1
Let b(y) = -y**2 - 8*y - 4. Let n(h) = 3*h**2 + 17*h + 9. Let s(q) = 9*b(q) + 4*n(q). Let r be s(3). Let a = -4 + r. What is the tens digit of a?
1
What is the tens digit of (915/(-9) + -4)*(1 + -4)?
1
Let z(b) = 17*b + 5. What is the units digit of z(3)?
6
Suppose 4*m + 36 - 340 = 0. What is the tens digit of m?
7
Suppose -g - 5*j + 53 = 2*g, 2*g - 10 = 3*j. Let d = 17 - g. What is the units digit of d?
6
Suppose -q + 42 = -2*o - 136, -3*o - 855 = -5*q. What is the tens digit of q?
6
Suppose s = -4*u + 94, -3*u - 489 = -5*s - 4*u. What is the tens digit of s?
9
Let f = -151 - -369. What is the units digit of f?
8
Suppose -3*d + 5*g + 5 = 0, 4*d - 2*d = -3*g - 3. Let b = 13 + d. What is the tens digit of b?
1
Let d(x) = 1 + 0*x**3 + 2*x**2 + 4*x**3 - 2*x - x**3. Let l be d(1). Let i(z) = z**3 - 3*z**2 - 2*z - 4. What is the units digit of i(l)?
4
Let t(c) = -12*c**3 - c**2 - 3*c - 2. What is the units digit of t(-1)?
2
Let w(y) = y**3 + 3*y**2 - y - 3. Let d be w(-3). Suppose 0 = -2*h - d*h + 2. What is the units digit of h?
1
Suppose -2*i + a + 156 = 0, 4*i + 5*a - 16 = 324. Suppose -52 = -2*r + 2*h, -4*r - r = 5*h - i. Let d = r + -6. What is the tens digit of d?
1
Suppose 612 = 11*g - 5*g. What is the units digit of g?
2
What is the units digit of 1 + (-33 - -1)/(-2)?
7
Suppose 0 = 2*f + 8 + 28. Let o = f - -25. What is the units digit of o?
7
Let o(p) = 39*p**2 + p. Let c be o(1). Suppose -2*j - 2*y + 4 = -c, -3*j = -3*y - 60. What is the tens digit of j?
2
Let f be (8/(-8))/(2/(-4)). Suppose f*k - 5 = 1. Suppose -2*h = -k*z - h + 29, -z + 2*h = -18. What is the units digit of z?
8
Let t(b) = 3*b - 9 + 4*b + 3*b - b**2. What is the units digit of t(7)?
2
Suppose 4*j + 5*x + 11 = -0*j, -5 = 2*j + 3*x. Let c(s) = 3*s**2 + 2*s - 5. What is the units digit of c(j)?
5
Suppose 48 + 246 = 6*d. What is the units digit of d?
9
Let u = 2 - -5. Suppose 10*l - 54 = u*l. What is the tens digit of l?
1
What is the units digit of (-64)/(-80) - (-336)/5?
8
Let f = -8 - -13. Suppose 0 = -3*b + f*a - 5 - 21, -3*b + 10 = 4*a. What is the units digit of ((-18)/(-1))/(0 - b)?
9
What is the hundreds digit of 5680/50 + (-3)/5?
1
Let g be -7*(-1 - 34/14). Let j = g - 6. What is the tens digit of j?
1
Suppose z - 5*z - 16 = -4*a, -3*a = z - 16. Suppose 0 = r - 0*v + 5*v - 31, 3*r - a*v = 13. What is the units digit of -2 + (3 - (-2 - r))?
4
Let u(q) = 4*q - 22*q**2 + 7*q + 2 + 21*q**2. What is the tens digit of u(9)?
2
Let o be -2 + -1 + (-1)/(-1). Let q = o + 2. Suppose 3*j + q*j - 5*r - 26 = 0, -4*j = 5*r - 23. What is the units digit of j?
7
Let p = -60 - -29. Let s = p - -56. What is the tens digit of s?
2
Suppose -2*o - 220 = -4*a, 0*a + 69 = a - 4*o. What is the units digit of a?
3
Let u(k) = k**3 + 5*k**2 - 13*k - 15. Let d(s) = s + 1. Let x(r) = -6*d(r) - u(r). Let i be x(-6). What is the units digit of 49/14*(i + -1)?
7
Suppose 4*l + o = 65 + 200, 0 = -5*o - 15. Let a = l - 35. What is the units digit of a?
2
Let y = 8 - 4. Let n be 2/4 - (-34)/y. Let z = 24 - n. What is the units digit of z?
5
Let t = 1 + 4. Let x(k) be the second derivative of k**5/20 - k*